he remainder when 1735769432 is divided by 1212.
1208
What is the remainder when 11237109 is divided by 5618432?
245
What is the remainder when 32068070 is divided by 9?
8
What is the remainder when 88160 is divided by 44042?
76
What is the remainder when 6145565 is divided by 88?
85
Calculate the remainder when 25959093 is divided by 7864.
29
What is the remainder when 83029629 is divided by 2367?
3
What is the remainder when 948927 is divided by 94892?
7
Calculate the remainder when 1510771 is divided by 176.
163
Calculate the remainder when 218725 is divided by 567.
430
Calculate the remainder when 612514 is divided by 2127.
2065
What is the remainder when 1749552 is divided by 1539?
1248
What is the remainder when 20842 is divided by 1379?
157
What is the remainder when 45576966 is divided by 45576964?
2
Calculate the remainder when 81666410 is divided by 358186.
2
Calculate the remainder when 11653874 is divided by 11403.
8
Calculate the remainder when 748930 is divided by 3945.
3325
What is the remainder when 2477626 is divided by 77?
74
Calculate the remainder when 1096668 is divided by 124.
12
What is the remainder when 89996 is divided by 919?
853
What is the remainder when 1757187 is divided by 159743?
14
What is the remainder when 1605053 is divided by 1604987?
66
Calculate the remainder when 1643972 is divided by 5075.
4747
What is the remainder when 1671412 is divided by 74?
48
What is the remainder when 1490291 is divided by 177?
128
Calculate the remainder when 379904 is divided by 4052.
3068
Calculate the remainder when 13359334 is divided by 62.
8
What is the remainder when 48710800 is divided by 210?
40
Calculate the remainder when 189565 is divided by 94765.
35
Calculate the remainder when 907762 is divided by 53395.
47
Calculate the remainder when 470892756 is divided by 93.
90
What is the remainder when 660382 is divided by 350?
282
What is the remainder when 8118136 is divided by 4059040?
56
Calculate the remainder when 18028988 is divided by 273165.
98
Calculate the remainder when 467127 is divided by 24574.
221
What is the remainder when 69408 is divided by 11559?
54
What is the remainder when 5553854 is divided by 343?
341
Calculate the remainder when 28252 is divided by 3970.
462
What is the remainder when 4802633 is divided by 55?
33
What is the remainder when 39171 is divided by 20?
11
Calculate the remainder when 109802461 is divided by 36600814.
19
Calculate the remainder when 21949 is divided by 4215.
874
What is the remainder when 22429438 is divided by 7476476?
10
What is the remainder when 14025424 is divided by 713?
1
Calculate the remainder when 6911834 is divided by 1481.
7
Calculate the remainder when 791689 is divided by 43.
16
What is the remainder when 526877 is divided by 2609?
2468
What is the remainder when 27858909 is divided by 3955?
3844
What is the remainder when 667834 is divided by 148?
58
What is the remainder when 141332194 is divided by 521521?
3
What is the remainder when 5440958 is divided by 777279?
5
What is the remainder when 1114481 is divided by 39797?
165
What is the remainder when 1083222 is divided by 216572?
362
What is the remainder when 3659566 is divided by 1537?
1506
Calculate the remainder when 59916686 is divided by 4735.
4731
What is the remainder when 373787 is divided by 31137?
143
Calculate the remainder when 14847776 is divided by 46399.
96
What is the remainder when 144240 is divided by 5342?
6
What is the remainder when 50854 is divided by 481?
349
What is the remainder when 40327944 is divided by 2189?
2186
What is the remainder when 344228 is divided by 10119?
182
What is the remainder when 92904 is divided by 4214?
196
What is the remainder when 38171 is divided by 16445?
5281
What is the remainder when 2086670 is divided by 110?
80
Calculate the remainder when 35228 is divided by 3207.
3158
What is the remainder when 2148640800 is divided by 241?
239
What is the remainder when 305519 is divided by 609?
410
What is the remainder when 1083306 is divided by 1677?
1641
Calculate the remainder when 666589 is divided by 74040.
229
Calculate the remainder when 1116762 is divided by 977.
51
What is the remainder when 1285454 is divided by 4?
2
What is the remainder when 241344 is divided by 35?
19
What is the remainder when 1502446 is divided by 860?
26
What is the remainder when 72511 is divided by 51?
40
What is the remainder when 810193 is divided by 307?
20
Calculate the remainder when 6404 is divided by 1989.
437
Calculate the remainder when 3448224 is divided by 27.
0
What is the remainder when 9953747 is divided by 160542?
143
What is the remainder when 8047133 is divided by 9591?
284
What is the remainder when 11637 is divided by 5662?
313
Calculate the remainder when 251688 is divided by 552.
528
Calculate the remainder when 34217 is divided by 8417.
549
What is the remainder when 905737 is divided by 90571?
27
Calculate the remainder when 71422 is divided by 8904.
190
What is the remainder when 133580026 is divided by 24829?
6
What is the remainder when 78602 is divided by 39228?
146
What is the remainder when 418710 is divided by 6344?
6
Calculate the remainder when 1075400 is divided by 2264.
0
Calculate the remainder when 5208169 is divided by 18802.
15
What is the remainder when 277119 is divided by 59?
55
What is the remainder when 18376130 is divided by 1657?
0
Calculate the remainder when 9905033 is divided by 975.
8
What is the remainder when 231902 is divided by 4830?
62
What is the remainder when 83169 is divided by 2414?
1093
What is the remainder when 952037 is divided by 3009?
1193
What is the remainder when 555907 is divided by 17357?
483
Calculate the remainder when 5812766 is divided by 28776.
14
What is the remainder when 13684903 is divided by 39?
37
What is the remainder when 968137 is divided by 241922?
449
What is the remainder when 824529 is divided by 91613?
12
What is the remainder when 260950 is divided by 28989?
49
Calculate the remainder when 269762831 is divided by 677.
672
What is the remainder when 8554846 is divided by 86?
82
Calculate the remainder when 11690 is divided by 5030.
1630
What is the remainder when 21848 is divided by 1801?
236
Calculate the remainder when 369273 is divided by 942.
9
Calculate the remainder when 195110 is divided by 27847.
181
Calculate the remainder when 4945965 is divided by 2102.
2061
What is the remainder when 38561592 is divided by 385?
377
What is the remainder when 472601 is divided by 8728?
1289
Calculate the remainder when 111060937 is divided by 45.
37
Calculate the remainder when 3043047 is divided by 112.
7
Calculate the remainder when 6758312 is divided by 34.
30
Calculate the remainder when 105166747 is divided by 5947.
5946
Calculate the remainder when 6053977 is divided by 9.
1
Calculate the remainder when 8408024 is divided by 52.
40
Calculate the remainder when 13765394 is divided by 809728.
18
Calculate the remainder when 4093 is divided by 567.
124
Calculate the remainder when 64140026 is divided by 1907.
1895
What is the remainder when 4841222 is divided by 25?
22
Calculate the remainder when 31841 is divided by 1093.
144
What is the remainder when 1147569 is divided by 755?
724
Calculate the remainder when 1145864 is divided by 47725.
464
Calculate the remainder when 93895 is divided by 93775.
120
Calculate the remainder when 1630523 is divided by 402.
11
Calculate the remainder when 1101572 is divided by 2667.
101
Calculate the remainder when 30527064 is divided by 2158.
2154
Calculate the remainder when 838337 is divided by 1178.
779
Calculate the remainder when 1568130 is divided by 25291.
88
Calculate the remainder when 15300 is divided by 4755.
1035
Calculate the remainder when 2977654 is divided by 28091.
8
Calculate the remainder when 9759805 is divided by 166.
1
What is the remainder when 34659856 is divided by 286445?
11
Calculate the remainder when 32201 is divided by 15886.
429
Calculate the remainder when 6105971 is divided by 717.
716
What is the remainder when 254306178 is divided by 191?
183
Calculate the remainder when 10625899 is divided by 1858.
1855
What is the remainder when 621820 is divided by 155424?
124
What is the remainder when 420176 is divided by 2